the highest common divisor of 229231 and 35910993.
5591
Calculate the greatest common factor of 711868753 and 107.
107
Calculate the highest common factor of 296 and 10442473.
37
What is the greatest common divisor of 465 and 165116013?
93
Calculate the highest common factor of 19762 and 120622.
82
Calculate the highest common divisor of 95950 and 115330.
190
What is the highest common factor of 21567 and 195?
39
What is the greatest common factor of 587063940 and 100?
20
What is the highest common factor of 319 and 747562?
29
Calculate the greatest common factor of 405246 and 6612.
174
What is the highest common divisor of 140167346 and 267?
89
What is the greatest common divisor of 156947057 and 82?
41
What is the highest common divisor of 976 and 60443192?
488
What is the greatest common factor of 1080 and 247740?
60
Calculate the greatest common factor of 27833 and 3080899.
2141
Calculate the greatest common factor of 205832 and 34199.
11
Calculate the greatest common factor of 330820 and 4508.
28
What is the highest common divisor of 35937198 and 792?
198
Calculate the greatest common factor of 132 and 1678567.
11
Calculate the highest common divisor of 2479 and 139561.
67
Calculate the highest common factor of 896 and 309547.
7
What is the greatest common divisor of 10671324 and 444?
12
What is the highest common divisor of 211289 and 4953?
13
What is the highest common factor of 970 and 20510?
10
What is the greatest common divisor of 522 and 106528948?
58
What is the highest common divisor of 24 and 27934152?
24
Calculate the greatest common factor of 1525758 and 2697.
93
Calculate the greatest common divisor of 29250 and 548730.
1170
What is the greatest common factor of 247406 and 65096?
206
Calculate the highest common factor of 26634 and 21880590.
138
What is the greatest common divisor of 1940412652 and 443?
443
Calculate the greatest common factor of 11516 and 4824.
4
Calculate the highest common factor of 8148 and 21000112.
2716
What is the highest common factor of 505 and 51919555?
505
Calculate the greatest common divisor of 14 and 6230542.
2
What is the greatest common factor of 1 and 4440847?
1
What is the highest common divisor of 31025 and 1837921?
1241
Calculate the highest common divisor of 1743 and 10255917.
21
Calculate the highest common factor of 5912 and 9512408.
5912
What is the greatest common divisor of 11401 and 55172?
13
Calculate the greatest common divisor of 1275 and 1761285.
255
What is the greatest common factor of 56 and 66387034?
14
What is the greatest common divisor of 2408 and 27944?
56
Calculate the highest common divisor of 418612 and 18172148.
1828
Calculate the greatest common divisor of 17823723 and 177.
177
Calculate the highest common factor of 1287 and 759733.
13
What is the highest common divisor of 1102 and 31590164?
58
What is the greatest common divisor of 82541646 and 5346?
594
What is the greatest common divisor of 6144 and 324960?
96
What is the highest common factor of 609472 and 195712?
64
Calculate the highest common divisor of 17 and 41878463.
17
What is the greatest common divisor of 64 and 238524136?
8
Calculate the highest common divisor of 5947 and 51941411.
313
What is the greatest common factor of 397432 and 2016?
56
Calculate the highest common divisor of 310328172 and 6615.
1323
Calculate the highest common divisor of 10840 and 191560.
40
Calculate the greatest common divisor of 323966 and 3436.
2
What is the highest common divisor of 6080648 and 161000?
1288
Calculate the greatest common factor of 826728 and 678654.
222
Calculate the highest common factor of 132955992 and 72.
72
Calculate the highest common divisor of 102250 and 73411410.
4090
Calculate the greatest common divisor of 137701 and 1127.
23
What is the greatest common factor of 19016799 and 11112?
1389
Calculate the greatest common factor of 14968 and 82672006.
3742
Calculate the highest common divisor of 156266 and 9526.
22
Calculate the highest common factor of 240 and 93755440.
80
Calculate the highest common factor of 1 and 106236093.
1
What is the highest common factor of 8940876 and 581823?
1959
What is the greatest common divisor of 1600 and 312940?
20
What is the highest common factor of 1411885427 and 337?
337
Calculate the greatest common divisor of 20477619 and 8757.
1251
Calculate the highest common divisor of 463972347 and 170.
17
Calculate the highest common divisor of 38494 and 16416.
38
What is the greatest common divisor of 2767442 and 6538?
934
Calculate the greatest common divisor of 7557 and 557413251.
687
Calculate the highest common factor of 2260 and 1358260.
2260
What is the highest common divisor of 11355 and 2259883455?
11355
Calculate the highest common factor of 1678167 and 27.
9
What is the greatest common factor of 1098 and 679565376?
1098
What is the highest common divisor of 3264 and 1301214?
102
What is the highest common divisor of 116282 and 13462?
106
What is the greatest common divisor of 50 and 1187350?
50
What is the highest common factor of 793 and 55020719?
793
What is the highest common divisor of 17034600 and 55?
55
Calculate the highest common divisor of 1347 and 1223.
1
Calculate the highest common divisor of 29170884 and 8128.
508
Calculate the greatest common divisor of 164743596 and 12330.
2466
What is the highest common factor of 44 and 68855842?
22
What is the highest common factor of 30248 and 682172?
796
What is the highest common factor of 992 and 422850416?
496
What is the greatest common divisor of 21870 and 88545?
15
What is the highest common divisor of 2016987 and 1239?
21
Calculate the highest common factor of 1692 and 239292.
36
What is the highest common divisor of 546609650 and 250?
50
Calculate the highest common divisor of 348778 and 1.
1
What is the greatest common factor of 3881568 and 32?
32
What is the greatest common factor of 35 and 52129364?
7
What is the highest common factor of 5 and 129928955?
5
Calculate the greatest common factor of 2951606 and 86.
86
Calculate the greatest common divisor of 110 and 16055630.
10
Calculate the highest common factor of 806 and 272579342.
62
Calculate the highest common factor of 5603001 and 786.
393
Calculate the highest common factor of 8254181 and 702.
13
What is the highest common factor of 40465751 and 404?
101
What is the highest common divisor of 1894454 and 87?
29
Calculate the highest common divisor of 1131426 and 17884.
526
What is the greatest common factor of 337088 and 15448?
8
Calculate the highest common factor of 302985 and 135.
45
Calculate the greatest common divisor of 28599450 and 44.
22
What is the greatest common factor of 307549 and 4693282?
4213
What is the greatest common factor of 154434 and 6846?
42
Calculate the greatest common divisor of 169 and 1561599.
13
What is the highest common divisor of 72 and 30602872?
8
Calculate the highest common divisor of 24 and 7803592.
8
What is the highest common factor of 10 and 1652758?
2
Calculate the highest common factor of 44045 and 151961.
23
What is the greatest common divisor of 2419856 and 464?
16
Calculate the highest common factor of 122460 and 235560.
780
What is the greatest common divisor of 2 and 920665?
1
Calculate the greatest common factor of 51995825 and 70.
35
Calculate the greatest common factor of 7723200 and 128.
64
What is the greatest common divisor of 300832533 and 111?
111
What is the highest common divisor of 121 and 938762?
11
What is the highest common factor of 544193657 and 49?
49
Calculate the greatest common divisor of 18 and 525376.
2
What is the highest common divisor of 15 and 20849394?
3
Calculate the highest common divisor of 13830 and 103688120.
4610
Calculate the highest common divisor of 3180645 and 26.
13
Calculate the highest common divisor of 18888 and 1437849.
2361
What is the highest common divisor of 85345625 and 1425?
475
What is the greatest common factor of 5340 and 267698472?
1068
What is the highest common factor of 95624828 and 62348?
5668
What is the highest common divisor of 38272 and 6375278?
598
What is the highest common divisor of 221995 and 377?
29
Calculate the highest common divisor of 724524 and 657516.
4188
What is the highest common factor of 155 and 4265817?
31
Calculate t